- 19*n**3 + 2*n + 18*n**3. What is a(2)?
-8
Let q(y) be the first derivative of -3*y**2/2 + 57*y + 81. Give q(19).
0
Let a(o) = 10 - 25 - 16*o - o**2 + 0 + 5. Give a(-15).
5
Let q(t) be the second derivative of t**6/720 - t**5/120 + 41*t**4/12 + 9*t. Let g(f) be the third derivative of q(f). Let i be -1*1*6*-1. Calculate g(i).
5
Let m(q) = -q. Let k(v) be the third derivative of -7*v**4/24 - 5*v**3/3 + 3*v**2. Let i(a) = k(a) - 5*m(a). Calculate i(-8).
6
Let d(p) = -4*p**2 + 20*p + 11. Let n(b) = -7*b**2 + 38*b + 21. Let x(u) = 11*d(u) - 6*n(u). Calculate x(-5).
-15
Let s be (1/3)/(2/12). Let o(a) be the third derivative of -a**8/10080 + a**7/2520 - a**5/15 + 17*a**2. Let v(q) be the third derivative of o(q). What is v(s)?
-4
Suppose 0 = h + 2*f - 18, -2*h + 7*f - 6*f = -31. Let c(r) = -r + 20. What is c(h)?
4
Suppose -4*f - 3*c + 19 = -2*c, 2*c - 20 = -5*f. Let s(a) be the first derivative of a**3/3 - 5*a**2/2 + 3*a - 169. Determine s(f).
9
Let m(o) = -o**3 + 15*o**2 - 15*o + 10. Let i be m(14). Let k be (24/(-36))/(4/6) - i. Let h(g) = -g**3 + 4*g**2 - 5*g + 3. Calculate h(k).
-3
Let a(u) = -u + 8. Suppose 5 = 5*c - 5. Suppose 0 = 5*q + c*i - 1 - 33, -3*q = 3*i - 24. What is a(q)?
2
Let s be 1 + (-8)/(2/1) - 1. Let l(j) = -j**3 - 4*j**2 + 2*j - 1. Give l(s).
-9
Let s(m) = 8*m**3 - 3*m + 2. Let f(r) = -3*r - 71. Let z be f(-24). Let g be s(z). Let x(i) = 2*i**2 + 5*i - 10*i**2 + i + i**3. Calculate x(g).
-7
Let s(c) be the first derivative of c**3/3 + 6*c**2 + 16*c + 456. Give s(-10).
-4
Let k(v) be the second derivative of v**5/20 - 5*v**4/12 - 8*v**3/3 + 9*v**2/2 + 9*v. Let a be k(7). Let d(r) = r**2 + 5*r + 6. Determine d(a).
6
Let k be ((-2)/7)/(87/609). Let f(a) be the third derivative of -a**2 + 1/30*a**5 + 0*a - 1/120*a**6 + 0 + 1/24*a**4 - 1/6*a**3. What is f(k)?
13
Let i(v) = 41*v**2 + 5*v + 2. Let b(a) = -21*a**2 - 2*a - 1. Let g(p) = 7*b(p) + 3*i(p). Let y = 110 + -109. What is g(y)?
-24
Let s(i) be the third derivative of -5*i**4/3 - i**2 + 14. Calculate s(-1).
40
Let z(j) be the third derivative of j**4/24 + j**3 - 7*j**2. Let i(x) = -1. Let r(w) = 3*i(w) + z(w). Determine r(6).
9
Let c = -4 + 2. Let d(l) be the first derivative of -l**2/2 - 327. Give d(c).
2
Let b(z) = z**2 + 39*z + 240. Let q be b(-31). Let r(f) = 5*f**2 + 8*f + 11. Let l(p) = p**2. Let u(i) = 4*l(i) - r(i). Calculate u(q).
-11
Let x(v) = v**3 + 7*v**2 + v + 9. Let i be (-4)/(-6) - (-77)/33. Let c be i/(-4 + 3) - (-16)/(-4). Calculate x(c).
2
Let t(g) be the first derivative of -8 - g**3 + g + 7/2*g**2 - 1/12*g**4. Let f(x) be the first derivative of t(x). Calculate f(-7).
0
Let z(h) be the first derivative of -3*h + 6*h + 7 + h**2 + 2. Let o be -1*(-3 + (-1 - -8)). Calculate z(o).
-5
Let m(z) = 8*z + 1. Suppose 0 = -9*i + 5*i - 40. Let t = i + -24. Let r be (-2)/5*85/t. What is m(r)?
9
Let c(v) = 6 - 10 + 4 + v. Let o(i) = -i**2 + 6*i + 9. Let q be o(7). Suppose -q*l + 1 = -1. What is c(l)?
1
Suppose -2*g = -31 - 33. Suppose 0 = -l - 3*l + g. Let k(r) = r - 3 - l + 11. Give k(-2).
-2
Let s be (-7)/4 - (-5)/(-20). Let h be (0 - -1) + 2 + -1. Let t(q) = 0*q**3 + q - 3*q**h + 2*q**3 - 3*q**3 + 1. What is t(s)?
-5
Suppose -5*u + 46*l - 47*l + 35 = 0, -2*u = 3*l - 27. Suppose 4*j + j - 60 = 0. Let a(s) = 3*s + j - 4*s + 1. Give a(u).
7
Let c(s) = s**3 + 2*s**2 - 4. Suppose 5*y - 18 + 3 = 0. Suppose -2*d + 0*k - 6 = -3*k, 5*k + 9 = -y*d. Determine c(d).
-13
Let c(p) be the third derivative of p**6/120 - p**4/12 + p**3/6 - 2*p**2. Let g(h) = h**2 + 5*h - 13. Let y be g(-7). Let s be (-2)/1 + y*4. Calculate c(s).
5
Let d = 11 + -9. Suppose 0 = -3*t - d*t + 15. Let g(o) be the third derivative of o**5/60 - o**4/24 + 2*o**3/3 - 2*o**2. Calculate g(t).
10
Let y(j) = -j - 23. Let v be -11 - (-2 - (-6)/9)*3. Determine y(v).
-16
Suppose -19*i + 5*i = -28. Let d(x) = x - 2. What is d(i)?
0
Suppose -5*k = -4*k - 6. Let m(o) = -6 - 21*o**2 - 3*o - 3*o**3 + 16*o**2 + 5*o**3 - o**3. Give m(k).
12
Let r(d) = d - 3. Suppose 10*i - 18 = i. Suppose -i*k = -4*k + 10. Determine r(k).
2
Let d(i) = 6*i**2 + 2. Let h(x) = 5*x + 24. Let m be h(-5). What is d(m)?
8
Let u = -48 - -97/2. Let k(i) be the first derivative of -u*i**2 - 1/3*i**3 - 2*i + 5. Give k(0).
-2
Suppose -4*q - 4*y + 52 = 0, 0 = -4*q - 3*y + 29 + 20. Let a be (-299)/65 - (24/q - 2). Let l(x) = -4*x - 1 + 0 + 0 - x**2. Calculate l(a).
-6
Suppose 0 = 4*g - 3*x + 9 + 10, -3*g - 28 = -5*x. Let m be ((-24)/4*1)/g. Let n(p) be the third derivative of p**4/24 - 3*p**3/2 + p**2. Determine n(m).
-3
Suppose 0 = 6*o + 6*o - 84. Let d(p) = p**3 - 7*p**2 - 2*p + 6. Give d(o).
-8
Let u(b) = -2*b - 6. Let g(i) = -i - 3. Let t(o) = 7*g(o) - 3*u(o). Let f = 128 - 124. Calculate t(f).
-7
Suppose z - 5 = -4. Let b(c) be the third derivative of 13*c**4/24 + 7*c**3/6 - 3*c**2. Let l(q) = -38*q - 20. Let x(g) = -17*b(g) - 6*l(g). What is x(z)?
8
Suppose 5*n - n = -16. Let p(g) = 0*g - 2*g + 808*g**3 - 810*g**3 + 1 - g**2. Let a(r) = 3*r**3 + r**2 + 3*r - 1. Let l(u) = n*p(u) - 3*a(u). Give l(-1).
2
Let p(j) = -j**3 + 2*j**2 + 3*j - 1. Let y(v) = -v**3 + v**2 + 7*v. Let o be y(3). Suppose -3*d - o*s = -9, -3*d - s = -4*s - 9. What is p(d)?
-1
Let d(q) = 19*q**2 - 10*q + 10. Let j(x) = -8*x**2 + 5*x - 5. Let t(i) = -2*d(i) - 5*j(i). Determine t(2).
3
Let h(p) = p + 12. Let i = 846 + -856. Give h(i).
2
Let c(o) = o + 2. Let g be c(-4). Let j(d) be the second derivative of -d**3 - d**2 + 332*d. What is j(g)?
10
Suppose -4*q + 3*k = 325, -5*k - 76 = q - 4*k. Let n = 72 + q. Let g(a) = a**3 + 6*a**2 - 3*a + 10. Give g(n).
-18
Suppose 4*h - 2*h - 6 = 0. Let v = 2 - h. Let k(m) be the third derivative of m**6/20 + m**5/60 - m**4/24 - m**3/6 - 14*m**2 - 14. Determine k(v).
-5
Let l(c) = 7*c**3 - 9*c**2 - 12*c + 2. Let b(m) = 6*m**3 - 8*m**2 - 11*m + 2. Let f(z) = 6*b(z) - 5*l(z). What is f(4)?
-6
Let o be ((0 - 0)/3)/2. Let u(p) = p - p + o*p + 1 - p + 4*p**2. Let q(z) = z**3 - 10*z**2 + 1. Let f be q(10). What is u(f)?
4
Let k = -1104 + 1107. Let p(q) be the first derivative of q + 4 - 2*q**2 + 2/3*q**k. What is p(3)?
7
Let a(r) = -14*r**3 + 59*r**2 - 45*r + 2. Let n(o) = -5*o**3 + 20*o**2 - 15*o + 1. Let m(b) = 4*a(b) - 11*n(b). Determine m(15).
-3
Let i(r) = r**3 + 2*r**2 - 6 - 5 - r + 3 - r**2 - 7. Calculate i(0).
-15
Let v(o) = -o**2. Let q be -2*(-2 - (-20)/8). Let u(i) = 3*i**2 + 8*i + 4. Let t(n) = q*u(n) - 4*v(n). Determine t(7).
-11
Let y(k) = -8*k - 1. Let n be y(-1). Let d(x) = 5*x - n*x + 1 + 0*x. What is d(3)?
-5
Let v be 1/3*18/1. Let a(i) = 10 - i - 5 + 1 - i. What is a(v)?
-6
Let l(t) = t**2 - 13*t - 91. Let x be l(18). Let r(h) = 35*h + 1. What is r(x)?
-34
Let i(q) be the second derivative of 1/12*q**4 - 1/10*q**5 + 0 + 1/6*q**3 + 1/2*q**2 - 2*q. Give i(-1).
3
Let h(g) = -g**3 - 12*g**2 - 9*g - 22. Let q(d) = d**2 - d. Let x(r) = -h(r) + 8*q(r). What is x(-20)?
2
Let t(f) be the second derivative of 1/3*f**3 - 13*f + 0 - 5/2*f**2. What is t(-6)?
-17
Let l(x) = -x**2 - 6*x - 4. Let r be l(-3). Let k(d) be the second derivative of -1/6*d**3 + 5/2*d**2 + 3 - 5*d. Determine k(r).
0
Let b(a) = 19 - a**2 - 35 + 19 - 5*a. Determine b(-7).
-11
Let j(m) = -512 + m + 273 + 258. Give j(-12).
7
Suppose 0 = -78*f + 72*f - 30. Let p(j) = j - 2. Let q(c) = 1. Let o(y) = p(y) + 3*q(y). Calculate o(f).
-4
Let s = -3 + 0. Let t = s + 0. Let u(f) be the second derivative of -f**5/20 - f**4/6 + f**3/6 + f**2/2 + 13*f - 11. What is u(t)?
7
Let d(b) be the second derivative of -3*b**5/10 - b**4/12 + b**3/6 - 218*b - 1. Let m(a) = -a**3 + a**2 + 2*a + 1. Let q be m(2). What is d(q)?
-6
Let x = -23 - -33. Let y(d) = 4 + 0*d + 3 + x*d + d**2. Calculate y(-7).
-14
Let s(y) = 19*y**3 - y - 7*y**2 + 4 + 5*y - 18*y**3. Calculate s(6).
-8
Let n(u) = -u**2 - 5*u - 2. Let t be n(-4). Suppose t*z - 3*s - 1 = 0, 0 = 2*z - 2*s - 2 - 0. Let c(v) = -2*v + v + z*v - 5. Calculate c(4).
-1
Let f be 1/((-20)/(-12) + -2). Let n be f + 0 + 4 - -1. Let p(y) = -5*y + y**n + 8*y - 7 + 0*y**2. What is p(-5)?
3
Let k = -18 + 23. Let g(z) = -z + 4*z + k + 2*z - 6*z. Let a be g(3). Let t(s) = -5*s**2 + 2*s - 1. What is t(a)?
-17
Let t be -5*((-4)/5 + 0). Suppose -12 = -t*z - 0*z. Let n(b) = -4 - b + 3 + 1 + z. Calculate n(0).
3
Let c(l) be the first derivative of -27*l**4/4 + 2